941 a composite number?
False
Is 535539997 composite?
False
Is 41452517209 prime?
False
Is 101877641303 composite?
True
Is 10268263741 a prime number?
True
Is 6547197467 a composite number?
True
Is 832966363 a prime number?
True
Is 100697965319 prime?
False
Is 118335098759 prime?
True
Is 4145612183 prime?
True
Is 9545941481 a composite number?
True
Is 556703209 prime?
True
Is 17105278063 a prime number?
True
Is 162032719 a prime number?
True
Is 226408033 a composite number?
True
Is 333284293 prime?
True
Is 7663777061 a composite number?
False
Is 3747636355 composite?
True
Is 5826113723 a prime number?
True
Is 6304524218 prime?
False
Is 116228067 prime?
False
Is 26443605533 prime?
False
Is 66067660853 a prime number?
True
Is 2468489479 composite?
False
Is 111560462267 a composite number?
False
Is 17496548551 composite?
True
Is 273608259107 a prime number?
False
Is 123236362961 composite?
True
Is 4909179958 composite?
True
Is 2510011631 a composite number?
True
Is 58351711 prime?
False
Is 5776849891 composite?
True
Is 333926929 composite?
True
Is 114390929249 prime?
False
Is 1850167 composite?
True
Is 99887813057 prime?
False
Is 8347044509 a composite number?
True
Is 32743625881 a composite number?
False
Is 128552611 prime?
False
Is 186545237 a prime number?
True
Is 12366549137 composite?
True
Is 865960969 a prime number?
True
Is 1902844529 composite?
True
Is 14281656601 a composite number?
False
Is 6825723653 a composite number?
True
Is 10230745901 composite?
False
Is 1000904397 composite?
True
Is 1156523281 composite?
False
Is 99358797623 composite?
False
Is 9596792957 a composite number?
False
Is 4771193773 a prime number?
False
Is 7976162503 a composite number?
False
Is 129051466223 composite?
True
Is 11861600521 a composite number?
True
Is 15671297141 a composite number?
False
Is 41746750177 a prime number?
False
Is 49917958451 composite?
True
Is 7834206839 composite?
True
Is 2915926489 composite?
True
Is 17310572681 a composite number?
True
Is 9801290645 composite?
True
Is 1002004138 a prime number?
False
Is 7773289903 a composite number?
False
Is 1457238389 a composite number?
True
Is 45035568199 composite?
True
Is 102557942951 composite?
False
Is 37726965994 composite?
True
Is 23912120159 a composite number?
False
Is 439714883 prime?
True
Is 296735533 composite?
False
Is 3319031854 prime?
False
Is 13299871423 a prime number?
True
Is 13174937471 a composite number?
True
Is 6113573387 prime?
False
Is 125178377 a prime number?
True
Is 300686261 a prime number?
True
Is 18512508253 a composite number?
False
Is 1913073499 composite?
False
Is 381751483 a composite number?
False
Is 216617041 prime?
True
Is 27245180977 a prime number?
False
Is 4450369439 composite?
True
Is 390430493 a prime number?
True
Is 1732594243 a prime number?
True
Is 453645461 prime?
False
Is 1800941471 composite?
True
Is 161025407 a composite number?
False
Is 1985309899 a composite number?
False
Is 6822272339 prime?
True
Is 3873541999 composite?
True
Is 594906749 a composite number?
True
Is 17951079551 composite?
True
Is 366377717 prime?
True
Is 701400829 a composite number?
False
Is 1523595323 prime?
True
Is 10392355807 composite?
False
Is 269494163 a composite number?
False
Is 101494556741 a prime number?
True
Is 687107293 a prime number?
True
Is 73065199 a composite number?
True
Is 70185248657 composite?
False
Is 20471196547 composite?
True
Is 669721081 prime?
True
Is 212849035319 prime?
True
Is 576358595 prime?
False
Is 70635365323 a composite number?
False
Is 2275219943 a prime number?
True
Is 68834969201 composite?
True
Is 129417995929 a composite number?
True
Is 20300356361 a prime number?
True
Is 68838999473 prime?
False
Is 1364712469 composite?
False
Is 196200149 a prime number?
True
Is 1672881529 a prime number?
False
Is 895226333 a prime number?
True
Is 4380788891 a prime number?
False
Is 21211365577 a prime number?
False
Is 1517093122 composite?
True
Is 1387381187 prime?
True
Is 14645780943 a prime number?
False
Is 731157121 prime?
False
Is 72937603 a composite number?
False
Is 1288965259 a composite number?
False
Is 970549017 a prime number?
False
Is 6370755107 composite?
True
Is 35755592099 a prime number?
True
Is 760418417 a prime number?
False
Is 579094913 composite?
True
Is 96901859 composite?
True
Is 1268512007 a prime number?
False
Is 5911947802 prime?
False
Is 8253952683 composite?
True
Is 25729193437 prime?
True
Is 916277249 prime?
True
Is 3125021489 prime?
False
Is 4892347379 a composite number?
False
Is 11204071819 a prime number?
True
Is 8659273193 composite?
False
Is 4040164831 prime?
True
Is 27109417 a prime number?
False
Is 2647270337 composite?
False
Is 20997344519 composite?
False
Is 6654038609 a prime number?
True
Is 18101578181 a composite number?
False
Is 50178022589 a prime number?
False
Is 2586664391 a prime number?
False
Is 393899603 a prime number?
True
Is 7864760641 a composite number?
False
Is 12993614329 prime?
False
Is 3412930786 a composite number?
True
Is 17320876141 composite?
False
Is 24843177343 a composite number?
False
Is 2024985437 a prime number?
False
Is 8964926057 prime?
True
Is 8688652529 a composite number?
True
Is 697158677 a composite number?
True
Is 1576132433 prime?
False
Is 728518277 a prime number?
False
Is 1121933833 a composite number?
False
Is 680456199 a composite number?
True
Is 1287651817 a composite number?
True
Is 3638494495 a composite number?
True
Is 305476015519 prime?
False
Is 85771106871 composite?
True
Is 894006949 prime?
False
Is 24226083227 prime?
True
Is 2031704813 prime?
False
Is 32040686729 prime?
False
Is 586412503 composite?
False
Is 101276234029 composite?
True
Is 20961760793 a prime number?
False
Is 34056652265 a prime number?
False
Is 1486469317 composite?
True
Is 1391919857 composite?
False
Is 34328034401 a composite number?
True
Is 1692539763 prime?
False
Is 14206851751 a prime number?
False
Is 10062630391 prime?
False
Is 5567293177 prime?
True
Is 133841804611 composite?
True
Is 1097542519 prime?
True
Is 30944927113 prime?
True
Is 19391508419 a composite number?
True
Is 6700658759 composite?
True
Is 27921537911 a composite number?
False
Is 85327387 a prime number?
False
Is 2805795053 prime?
True
Is 408583318931 composite?
True
Is 49809163109 a prime number?
True
Is 114012939493 a prime number?
False
Is 2360606629 prime?
False
Is 3632745593 a prime number?
True
Is 15926297113 composite?
False
Is 424671763 a prime number?
True
Is 19099497251 prime?
False
Is 3611678527 a prime number?
True
Is 3284946683 a prime number?
False
Is 2297141683 prime?
True
Is 2294578843 a composite number?
False
Is 21221579 a composite number?
False
Is 65240377 prime?
False
Is 12530761037 a prime number?
True
Is 117176374141 prime?
True
Is 44597809151 composite?
True
Is 7130784359 a composite number?
False
Is 20817481 a prime number?
True
Is 3941212861 a prime number?
False
Is 339437959 a composite number?
True
Is 5501767841 a prime number?
True
Is 8996304871 a composite number?
False
Is 34855584941 prime?
False
Is 2422774061 composite?
False
Is 5362589011 a prime number?
False
Is 51201992785 composite?
True
Is 49262849 composite?
True
Is 1202305211 prime?
False
Is 116946769 composite?
True
Is 675053219 composite?
True
Is 15150147641 prime?
False
Is 244940019 composite?
True
Is 8713457737 a composite number?
True
Is 7355474587 prime?
True
Is 18587761089 a prime number?
False
Is 185992967 prime?
True
Is 33958106341 a composite number?
False
Is 11331093119 a prime number?
False
Is 1823513563 composite?
False
Is 5802469879 prime?
False
Is 35963419 a prime number?
True
Is 168020605999 prime?
False
Is 81155052499 composite?
False
Is 68823043411 a prime number?
False
Is 85777033 a prime number?
False
Is 2011075667 a composite number?
False
Is 80948998363 a prime number?
False
Is 3339353 prime?
True
Is 19574083111 composite?
True
Is 7438444301 composite?
False
Is 645443047 composite?
False
Is 46332955255 a prime number?
False
Is 1189918139 prime?
False
Is 455835691 a composite number?
True
Is 14392559 a composite number?
False
Is 289015343 composite?
False
Is 2243442381 a composite number?
True
Is 787363847 prime?
True
Is 261195197 a composite number?
False
Is 3541928023 prime?
True
Is 2186143357 prime?
True
Is 9478